= -22*j - 60. Calculate the highest common factor of w and j.
20
Let c(o) = o**2 - 8*o + 11. Let v be c(8). Let r = -2 + v. What is the greatest common factor of 81 and r?
9
Let y be (-2 + 18)/((-4)/(-18)). Suppose 122 + 83 = 5*n. Suppose -2*u - 5*k = -n, 4*k + 86 = 4*u + u. What is the highest common factor of y and u?
18
Let y be 4 + (-1)/(4/(-8)). Calculate the highest common factor of y and 24.
6
Let i = -61 + 36. Let n = i - -60. Let m(g) = -g**3 - g**2 + 4*g + 1. Let d be m(-3). Calculate the highest common factor of n and d.
7
Let s(g) = 2*g**2 + 5*g + 2. Let w be s(-3). Suppose -4*f = 0, -w*l + f = 2*f - 20. Let y be 2 - l - -18 - 1. Calculate the greatest common divisor of y and 15.
15
Let t be 14/2*(5 - 4). Suppose -t = -2*x - 3. Suppose x*q + 96 = 4*q. Calculate the greatest common divisor of 6 and q.
6
Suppose 2*g - 3*m - 3 = 0, 4*g = 4*m + m + 11. Let w be 3*(75/g + -1). Calculate the highest common divisor of w and 176.
22
Let o = 86 - 59. Calculate the greatest common factor of o and 18.
9
Let j(o) = o + 11. Let r be j(-6). Suppose -r*p + 4*a - 10 = -33, 5*p = 3*a + 21. Suppose -p*z = -4*z + 4. What is the greatest common divisor of 16 and z?
4
Let c be (-3 - 6/(-3)) + -2 - -11. What is the greatest common divisor of c and 20?
4
Let y(n) = -n + 6. Let f be y(-5). Let x(a) = 7*a - 4*a - 5 - a. Let j be x(8). What is the highest common divisor of j and f?
11
Let i(w) = w**3 + 2*w**2 - 2*w - 4. Let j = 15 - 11. Let f be i(j). Calculate the highest common factor of f and 21.
21
Suppose -11 = -5*w + 34. What is the highest common factor of 63 and w?
9
Let w = 106 + -70. Calculate the greatest common divisor of 36 and w.
36
Let v(u) = 3*u**2 - 3*u. Let x be v(2). Let r(j) = -j**3 + 4*j**2 - 2*j + 3. Let a be r(3). What is the greatest common divisor of x and a?
6
Suppose u = -4*i + 5*u + 36, 0 = -5*i + u + 53. Suppose -40 = 4*w - 348. What is the highest common factor of i and w?
11
Let l = 9 - -3. Suppose -5*u = -4*b + 508, u = 3*b - 488 + 96. Calculate the greatest common divisor of l and b.
12
Let l = -289 - -409. What is the highest common factor of l and 40?
40
Suppose -4*s + 127 = -97. What is the greatest common factor of 8 and s?
8
Suppose 5*g - 265 = 2*n + 871, -g - 4*n = -236. What is the greatest common divisor of 19 and g?
19
Let p(j) = j**2 - j**2 + 1 - j + 3*j**2. Let n be p(4). Suppose -3*m - 18 = -g, -5*g = -0*g + 5*m - 170. Calculate the greatest common factor of n and g.
15
Suppose 0 + 20 = 4*s. Suppose -s*r + z + 107 = 0, 0 = -r - 2*z + 5 + 12. Let v = -6 + 9. Calculate the greatest common factor of r and v.
3
Let k = -9 + -6. Let y = k - -29. Calculate the greatest common factor of y and 140.
14
Suppose -2*o - 16 - 28 = -3*d, d - 33 = -3*o. What is the greatest common divisor of d and 45?
9
Suppose 5*w - 20 + 64 = s, 22 = -3*w + 5*s. Let t(r) = 2*r - 9*r - 7*r. Let d be t(w). Calculate the highest common factor of 18 and d.
18
Let y = 163 - 62. Suppose 2*m - 59 = -4*l + y, l = 0. Calculate the highest common divisor of 10 and m.
10
Let a = 86 - 31. Let i(j) = -j + 5. Let v be i(0). What is the highest common factor of v and a?
5
Suppose 0 = -0*a - 3*a + 126. Let t = 2 + -2. Suppose k = -t*k + 6. What is the greatest common factor of k and a?
6
Suppose -30 = -2*z + 4*a, -4*a + 5*a = 4*z - 39. What is the greatest common divisor of z and 18?
9
Suppose 5*d = -a + 8, -2*a + 31 + 9 = -2*d. Suppose -2*y - 5*m + a = 0, 0 = -y - 4*m + 6. What is the greatest common factor of y and 154?
14
Suppose -4*b + 1375 = 21*b. Calculate the greatest common divisor of b and 44.
11
Let r = 6 - 4. Suppose -r*f + 1 + 11 = 0. What is the greatest common divisor of f and 15?
3
Suppose 24*b - 19*b = 250. Calculate the greatest common divisor of b and 10.
10
Let o be 69/(-1)*(-10)/15. Calculate the greatest common divisor of o and 322.
46
Suppose 0 = -r - 2 + 5. Suppose 2*n + o - 6 = n, 5*n + 20 = 5*o. Calculate the highest common factor of r and n.
1
Let p(c) = c - 5. Let x be p(-7). Let g be (1 + 21/x)*-12. Let o(a) = -27*a. Let r be o(-3). What is the highest common divisor of r and g?
9
Let l = -57 - -70. Calculate the highest common divisor of l and 39.
13
Let l be 554/4 + 12/8. What is the highest common divisor of l and 56?
28
Suppose -4*h + 675 = h. Let t be 1 - (2 - 0)/2. Suppose t*y - 2*y - 19 = -x, -4*x = -2*y - 64. What is the highest common factor of h and x?
15
Let o(w) = 5*w - 20. Let k be o(8). What is the highest common divisor of k and 8?
4
Let f be 371/21 - 2/3. Suppose -4*x + 369 = f. What is the highest common divisor of 11 and x?
11
Suppose -3*h + 0*h + 6 = 0. Suppose 5*m = 3*z + 16, 3*m + 2*z + 2 = -h*z. Suppose -5*t + 52 = -58. What is the highest common factor of t and m?
2
Suppose -288 = z - 4*z. Let f = z + -171. Let u be (3 - f)*2/4. Calculate the greatest common factor of u and 26.
13
Let m = -1 + 4. Let d = 4 + 2. Let u be (-303)/(-9) - 4/d. What is the highest common factor of u and m?
3
Suppose 0 = 2*n - 4*q - 122, 0*q - 1 = -q. Calculate the greatest common divisor of n and 7.
7
Let n = 184 + -100. Let h = n + -56. Let o = -12 + h. Calculate the highest common divisor of o and 4.
4
Suppose -y + 3 = -1. Let b(n) = -2*n - 3. Let j be b(-12). Let o = j - 1. What is the highest common factor of o and y?
4
Let d(x) = 8*x - 40. Let o be d(14). Calculate the greatest common factor of o and 24.
24
Let u(k) = 4*k + 47. Let d be u(-9). What is the highest common factor of d and 187?
11
Let b = -4 - -8. Suppose 22 = 4*i - 0*w + 3*w, -b*w = 4*i - 24. Suppose 2*k = 3*a - 3 + i, 0 = 5*k + 4*a - 14. Calculate the highest common factor of k and 2.
2
Suppose -2 = 2*v - 12. Calculate the highest common factor of 55 and v.
5
Let c = 15 - 11. Let f = c - 2. Suppose w + 3 = f*w. Calculate the greatest common factor of 3 and w.
3
Suppose 2*n + 2*h = 48, -h - 52 + 4 = -2*n. Suppose -4*d = -6*d + n. What is the highest common factor of d and 30?
6
Let x = 142 - 85. Calculate the greatest common divisor of 38 and x.
19
Suppose 0 = -k - 30 + 34. Calculate the greatest common factor of 1 and k.
1
Let o = -15 + 6. Let a = 7 - o. Calculate the highest common divisor of a and 16.
16
Suppose 4*q = -3*g - 13, -3*q = -2*g - q + 10. What is the greatest common factor of g and 1?
1
Let m(a) = a**2 + a - 1. Let n be m(-2). Let p be 45/6 - (-1)/(-2). Let o be 122/14 - (-2)/p. Calculate the greatest common divisor of n and o.
1
Suppose 12 = -21*n + 22*n. Calculate the greatest common factor of 27 and n.
3
Suppose -660 = -7*h + 2*h. Let a be 24*(2 + 10/(-8)). Suppose g + 6 = a. What is the greatest common factor of h and g?
12
Suppose -22 - 20 = -3*w. Suppose -26 = -v - b, 0*v + 2*v = -3*b + 57. Calculate the greatest common factor of w and v.
7
Let g = 1 - -2. Let l = -32 - -35. Calculate the highest common divisor of g and l.
3
Let q = 12 - 3. What is the greatest common divisor of 63 and q?
9
Suppose -f + 5*f + 3*c = 37, -7 = f + 4*c. Let d = 35 - 22. What is the highest common divisor of d and f?
13
Let a = 5 - 3. Suppose -n - a*o + 1204 = 4*n, 0 = -5*n + o + 1213. Calculate the greatest common factor of n and 22.
22
Suppose 2*s - 1712 = -2*s. Suppose -4*t + 192 = u, -3*u + 5*t + 216 = -s. Calculate the highest common factor of 26 and u.
26
Let h(d) = -9*d - 12. Let f(q) = -5*q - 6. Let i(s) = 7*f(s) - 4*h(s). Let y = 2 - 5. Let n be i(y). Calculate the greatest common divisor of n and 33.
3
Let l = -18 - -23. Calculate the highest common divisor of 5 and l.
5
Let i = -2 + 16. Let w = 10 + -35. Let n = w - -39. Calculate the highest common divisor of n and i.
14
Let x be 3/(6/(-4))*-4. Calculate the highest common divisor of x and 88.
8
Suppose -5*k + 531 = -184. Let t = -104 - -149. Suppose -t = -5*h + 4*x - 0, 10 = 2*x. Calculate the highest common factor of h and k.
13
Let v(p) = -53*p + 10. Let q be v(-5). What is the highest common divisor of q and 25?
25
Let b = -15 + 49. Calculate the highest common factor of b and 85.
17
Suppose -3*o + 6 = -6. Let h be 18/o*16/12. Suppose -h*k = -3*k - 18. What is the highest common factor of 42 and k?
6
Let x be 44/(-28) - -2 - (-414)/14. What is the greatest common factor of 6 and x?
6
Let n(p) = 60*p. Let h be n(1). Let w be -2*(2/1)/(-2). Suppose 41 = w*r - 7. Calculate the greatest common div